2
Let r = -18 - -22. Suppose r*y = 4*g + 96, -5*y - 2*g = -141 + 14. What are the prime factors of y?
5
What are the prime factors of (((-1908)/(-30))/((-3)/(-10)))/2?
2, 53
Suppose 2 = -j + 45. Let z = -25 + j. What are the prime factors of z?
2, 3
Suppose -162 = -4*p + 3*f, 3*p - p + f = 86. List the prime factors of 7/p + 118/12.
2, 5
Let d(h) = -7*h - 4*h**2 + 5*h**2 - 1 - 2*h**2. List the prime factors of d(-6).
5
Suppose 10 = 2*z - v, -z - 5*v + 28 = 2*z. Suppose -w = -31 - z. List the prime factors of w.
37
Suppose -5*h = -0*h - 50. Let n(t) = -t**3 + 10*t**2 + t. List the prime factors of n(h).
2, 5
Suppose 0 = -p + 4*m + 31, -3*p + 105 = -m - 21. What are the prime factors of p?
43
List the prime factors of (568/(-6))/((-8)/12).
2, 71
Suppose 0*n + 5*n = 80. Let b = n + -1. What are the prime factors of b?
3, 5
Let k = -99 - -184. What are the prime factors of k?
5, 17
Let r = 189 + -17. List the prime factors of r.
2, 43
Suppose -3*a = -3, -5*g = 2*a - 3*a + 136. Let l = -17 - g. List the prime factors of l.
2, 5
Let j = -106 + 182. What are the prime factors of j?
2, 19
Suppose h - 10 = 38. Suppose 3*a + 4*b - 3*b = 36, 4*a + 3*b - h = 0. What are the prime factors of a?
2, 3
Suppose 58 + 27 = 5*u. What are the prime factors of u?
17
Suppose j - 25 = -2*a - 5, 4*a + 170 = 5*j. What are the prime factors of j?
2, 3, 5
Let t be 0/(-4)*(-1)/2. Let u be 4/4*(t + 0). Suppose -3*n + 15 = -u*n. What are the prime factors of n?
5
Let d(b) = -b - 3. Let c be d(0). Let i(p) = -9*p - 7. What are the prime factors of i(c)?
2, 5
Suppose 2*l - 60 = -l. List the prime factors of (-1004)/(-18) - l/(-90).
2, 7
Suppose 5*n = -3*k + 45 - 14, -12 = -k - 2*n. What are the prime factors of k?
2
Suppose 4*z + 18 = -6. Let c = 3 - z. List the prime factors of c - 0 - (2 + 0).
7
Let h(t) be the first derivative of 5/3*t**3 - 1/4*t**4 + 5 - 3/2*t**2 - 3*t. List the prime factors of h(3).
2, 3
Let h(b) = -b**3 - 6*b**2 + 7*b + 2. Let t be h(-7). Let u(s) = 6 + 4*s - s - 5. List the prime factors of u(t).
7
What are the prime factors of (1 - 125/10)/((-1)/18)?
3, 23
Let o be (-8)/6*12/(-4). What are the prime factors of o/14 + (-141)/(-21)?
7
Let d = -16 - -27. Suppose -19 = -2*k + d. List the prime factors of k.
3, 5
Suppose v = -4 + 20. List the prime factors of v/6*(3 - 0).
2
Suppose 4*u + 27 + 38 = -t, -4*u = -4. Let r = 6 - t. Suppose j + 3*j = -2*f + 30, 5*f + 5*j = r. List the prime factors of f.
3, 5
Suppose -10*a - 20 = -15*a. Suppose -4*m - 4*x = -3*m - 45, -5*m - a*x + 177 = 0. List the prime factors of m.
3, 11
Suppose -4 = 4*f + 5*q + 37, -58 = 5*f + 4*q. Let k = 10 + -19. Let n = k - f. List the prime factors of n.
5
Let o(p) = 2*p. Let b be o(2). Suppose -r + b*r - 42 = 0. What are the prime factors of r?
2, 7
Suppose -4*l + 313 = 5*a, -12*l = -9*l - a - 230. List the prime factors of l.
7, 11
Let p(f) be the first derivative of 5*f + 4 + 3/2*f**2 + 2*f**3 + 1/4*f**4. List the prime factors of p(-5).
3, 5
Let a be (-6)/(-10) + (4 - (-12)/5). Suppose -3*w + 4*n - 9 = 5, w + 13 = 3*n. Let k = a - w. List the prime factors of k.
5
Suppose w = -3*w + 84. List the prime factors of w.
3, 7
Let l(g) = g**2 - 7*g + 10. List the prime factors of l(7).
2, 5
Let w(k) = -k**3 + 10*k**2 - 9*k - 6. Let x be w(9). Let n(g) be the third derivative of -g**4/12 + 2*g**3/3 + g**2. What are the prime factors of n(x)?
2
Suppose 0 = -6*s + 4*s + 96. What are the prime factors of s?
2, 3
Suppose 60 = v + 4*v. Suppose -4 + v = 4*a. Suppose -c + 3*c + a = 0, -2*l + 5*c + 11 = 0. What are the prime factors of l?
3
Suppose 3*n + 36 = -3*n. What are the prime factors of 9/n + (-75)/(-2)?
2, 3
Suppose l + 24 = 5*l. What are the prime factors of l?
2, 3
List the prime factors of (15 - (-1 + 1)) + 1.
2
Suppose -2*l + 0*t + 17 = -5*t, -10 = -l + t. Suppose 0 = q - n - l - 5, 0 = 5*n + 25. What are the prime factors of q?
11
Let y(i) = 2*i**2 - i - 5. Suppose 0 = 3*a - 5*a - 10. What are the prime factors of y(a)?
2, 5
Let l(q) = -q**3 - 9*q**2 - q - 5. Let c be l(-9). Let s = -11 - -18. Suppose -c*y - s = -39. What are the prime factors of y?
2
Let o = -7 + 13. List the prime factors of (-36)/(-16)*(o + 2).
2, 3
Suppose g - 460 = -b + 3*g, 3*b + 4*g = 1340. List the prime factors of b.
2, 113
Let o(g) = 4*g - 25. What are the prime factors of o(8)?
7
Let t = -386 + 553. What are the prime factors of t?
167
Let o(s) = 4*s - 9. Let k be o(4). Suppose 75 = -4*b + k*b. What are the prime factors of b?
5
Let i(j) = 2*j**2 - 10*j - 3. Let d be 8*(1 - 0) + -1. List the prime factors of i(d).
5
What are the prime factors of 1 - 2*45*-1?
7, 13
Suppose -196 + 104 = -2*x. List the prime factors of x.
2, 23
Suppose -3*t - t = 0. Suppose t = 4*s + p - 5, -4*s + 5*p = -5*s - 13. Suppose 0 = 4*a + 5*o - s, 0*a - 12 = -2*a + 3*o. List the prime factors of a.
3
Suppose 0 = -a - 3*a + 160. What are the prime factors of a?
2, 5
Let h(f) = 3*f + 6. Let m be h(6). Suppose -r = 3*r - 8, -c - r = 14. Let y = c + m. List the prime factors of y.
2
Let x be (6/4)/((-3)/(-6)). Let q(y) = 0*y - x*y + y. List the prime factors of q(-4).
2
Suppose -4*w - 6 = -6*w. List the prime factors of w.
3
Suppose -12 = 3*k, 3*o + 2*k - 852 = -o. What are the prime factors of o?
5, 43
Suppose 0 = j - 4*h - 9, 2*j - 2*h - 3*h - 15 = 0. Suppose 0 = -2*c + j*y + 1, 23 = c + 2*y + 3*y. Suppose c = t + 3*t. What are the prime factors of t?
2
Let k(g) = -48*g - 50. List the prime factors of k(-4).
2, 71
Suppose -2*c - 10 = -56. What are the prime factors of c?
23
Suppose -9*x - 6 = -51. What are the prime factors of x?
5
What are the prime factors of -2*(-1 + 205/(-10))?
43
Let r = -108 + 172. List the prime factors of r.
2
Suppose -u = -67 - 106. List the prime factors of u.
173
Suppose m + 0*m = -5. Let l = -33 + 38. Let j = l - m. What are the prime factors of j?
2, 5
Suppose 0 = -5*f + 36 + 79. List the prime factors of f.
23
List the prime factors of (1 - 112)/((-3)/(-4 + 7)).
3, 37
Suppose -4*i + 0*l + 2*l + 418 = 0, -3*i = 2*l - 310. Let w = 147 - i. Suppose -w = -4*h - 3*c, h + 13 = 5*c - c. What are the prime factors of h?
7
Let x = -261 - -182. Let u = x - -127. What are the prime factors of u?
2, 3
Let k(b) = -b. List the prime factors of k(-7).
7
Let j = -234 - -626. What are the prime factors of j/22 + (-2)/(-11)?
2, 3
Suppose -2*z + 4*z - 4*c = 18, -2*z = -3*c - 16. Let t(i) = -i**3 + 2*i**2 + 2*i + 1. Let f be t(3). Let a = z + f. List the prime factors of a.
3
Let v(h) = -h**2 - h + 2. Suppose 0 = -3*s + 5*j + 14, -2*s + 5*j - 20 = 9*j. Let y be v(s). Let n(m) = -m**2 - m + 6. List the prime factors of n(y).
2, 3
Suppose -13 = -j - 5*h + 7, 4*j = -3*h + 114. List the prime factors of j.
2, 3, 5
Let x be (-28)/98 - (-354)/14. Suppose 3*m - 8*m + 50 = 0. Let y = x - m. List the prime factors of y.
3, 5
Let i = 103 - 145. List the prime factors of 1/(3/i*-2).
7
Let b(x) = x**2 - 2*x - 5. Let y be b(4). What are the prime factors of y + (-5 + 2 - -27)?
3
Let v(u) = -u**3 + u**2 + u - 1. Let j be v(2). Let a = -6 - j. Let m = 6 + a. List the prime factors of m.
3
Let j = 4 + -3. Let m(x) = -x**2 + 1. Let l(b) = -2*b**2 - b + 12. Let q(s) = j*l(s) - m(s). List the prime factors of q(0).
11
Suppose -u = -5*n + 2*u + 420, 2*n + 3*u - 168 = 0. List the prime factors of n.
2, 3, 7
Suppose 5 + 0 = -w. Let k(m) = 5*m - 13. Let t(q) = 6*q - 14. Let b(a) = w*k(a) + 4*t(a). What are the prime factors of b(0)?
3
Let x = 0 + -10. What are the prime factors of (-2 + (-4)/8)*x?
5
Let c be (-14)/(-4) - (-1)/2. List the prime factors of ((-2)/c)/(6/(-468)).
3, 13
Let q = -4 + -5. Let h = 5 - 6. What are the prime factors of 30/q*(-2 + h)?
2, 5
Let q = 13 - -43. Suppose 0 = 2*j - j - q. Suppose -s = -5*y - 15 - 16, -4*s + 3*y = -j. What are the prime factors of s?
11
Let i = 18 - 9. Let z(a) = a - 6. Let u be z(i). Suppose -u*x - x = -32. What are the prime factors of x?
2
Suppose -8*p - 300 = -11*p. Suppose p = 2*q + 3*r + r, 0 = 4*q - 2*r - 200. List the prime factors of q.
2, 5
Suppose -9*d - 48 = -6*d. What are the prime factors of (-6)/(-2) + 0 - d?
19
Let a(h) = -h + 8. Let k be a(11). Let t be 3/(-9)*k - 1. Suppose t = -0*r + r - 2. List the prime factors of r.
2
Suppose -2*y = -10, 3*u - 5*u = -3*y - 59. What are the